{"id":8406,"date":"2024-06-21T08:28:37","date_gmt":"2024-06-21T06:28:37","guid":{"rendered":"http:\/\/213.157.24.122\/wordpress\/?page_id=8406"},"modified":"2025-04-07T10:59:07","modified_gmt":"2025-04-07T08:59:07","slug":"gebuehren-und-arbeitsstundenordnung","status":"publish","type":"page","link":"https:\/\/angelverein-griesheim.de\/?page_id=8406","title":{"rendered":"Geb\u00fchren- und Arbeitsstundenordnung"},"content":{"rendered":"\t\t<div data-elementor-type=\"wp-page\" data-elementor-id=\"8406\" class=\"elementor elementor-8406\">\n\t\t\t\t<div class=\"elementor-element elementor-element-3ab870d e-flex e-con-boxed e-con e-parent\" data-id=\"3ab870d\" data-element_type=\"container\">\n\t\t\t\t\t<div class=\"e-con-inner\">\n\t\t\t\t<div class=\"elementor-element elementor-element-d0adcab elementor-widget elementor-widget-text-editor\" data-id=\"d0adcab\" data-element_type=\"widget\" data-widget_type=\"text-editor.default\">\n\t\t\t\t<div class=\"elementor-widget-container\">\n\t\t\t<style>\/*! elementor - v3.21.0 - 26-05-2024 *\/\n.elementor-widget-text-editor.elementor-drop-cap-view-stacked .elementor-drop-cap{background-color:#69727d;color:#fff}.elementor-widget-text-editor.elementor-drop-cap-view-framed .elementor-drop-cap{color:#69727d;border:3px solid;background-color:transparent}.elementor-widget-text-editor:not(.elementor-drop-cap-view-default) .elementor-drop-cap{margin-top:8px}.elementor-widget-text-editor:not(.elementor-drop-cap-view-default) .elementor-drop-cap-letter{width:1em;height:1em}.elementor-widget-text-editor .elementor-drop-cap{float:left;text-align:center;line-height:1;font-size:50px}.elementor-widget-text-editor .elementor-drop-cap-letter{display:inline-block}<\/style>\t\t\t\t<h3><strong>Vorteile<\/strong><\/h3><ul><li><strong>Alle Mitglieder, aktive, inaktive oder f\u00f6rdernde Mitglieder, k\u00f6nnen das Vereinsgel\u00e4nde f\u00fcr kleine private Feiern nutzen, einschlie\u00dflich des Grills und der vorderen H\u00fctte.<\/strong><\/li><li><strong>Alle Mitglieder, ob aktiv, inaktiv oder f\u00f6rdernd, haben Zugang zu anderen Bereichen auf unserem Vereinsgel\u00e4nde, die nur f\u00fcr Mitglieder reserviert sind.<\/strong><\/li><li><strong>Unsere jugendlichen Mitglieder werden in ihrer Entwicklung als Angler von zwei Jugendwarten umfassend unterst\u00fctzt.<\/strong><\/li><li><strong>Die Gew\u00e4sserwarte organisieren zahlreiche Veranstaltungen, bei denen unsere Mitglieder gemeinsam angeln k\u00f6nnen, wie zum Beispiel Bestandsfischen mit Erwachsenen, Nachtangeln, Wallerangeln oder die j\u00e4hrlichen Forellenangeltage.<\/strong><\/li><li><strong>Der Beitritt zu unserem Verein bedeutet auch eine automatische Mitgliedschaft im Deutschen Angelfischerverbandes e.V.<\/strong><\/li><\/ul><h3><strong>Geb\u00fchren<\/strong><\/h3><p>Zum Vereinseintritt wird eine einmalige Aufnahmegeb\u00fchr in H\u00f6he von \u20ac 150,- erhoben.<\/p><p>Jugendliche (vor der Vollendung des 18. Lebensjahres) sind von der Zahlung der Aufnahmegeb\u00fchr befreit!<\/p><p>Von allen Mitgliedern wird ein j\u00e4hrlicher Mitgliedsbeitrag erhoben.<\/p><p>Dar\u00fcber hinaus wird von vollj\u00e4hrigen aktiven Mitgliedern f\u00fcr die Berechtigung zum Fischfang eine j\u00e4hrliche Besatzgeb\u00fchr erhoben.<\/p><p>Auch bei unterj\u00e4hrigen Ein- und Austritten, sowie \u00c4nderungen des Mitgliedsstatus (Aktiv, inaktiv, F\u00f6rdermitglied) sind immer die j\u00e4hrlichen Beitr\u00e4ge f\u00e4llig!<\/p><p>a)\u00a0<strong>Vollj\u00e4hrige aktive Mitglieder<\/strong>\u00a0zahlen einen Jahresbeitrag von \u20ac 35,- und einen Besatzbeitrag von \u20ac 65,-<\/p><p>b)\u00a0<strong>Aktive Jugendliche<\/strong>\u00a0zahlen einen Jahresbeitrag von \u20ac 35,-<\/p><p>c)\u00a0<strong>Inaktive\u00a0<\/strong>und<strong>\u00a0F\u00f6rdermitgliede<\/strong>r zahlen einen Jahresbeitrag von \u20ac 35,-<\/p><h3><strong>Aufnahmeantrag<\/strong><\/h3><p>zu finden unter Info\/Dokumente<\/p><h3><strong>Arbeitsstunden\u00a0<\/strong><\/h3><p>Die Arbeitsstunden sind erforderlich f\u00fcr die Pflege und Unterhaltung des Vereinsgew\u00e4ssers, des Vereinsgel\u00e4ndes und der Liegenschaften, sowie f\u00fcr die Durchf\u00fchrung des H\u00fcttendienstes und der Feste (1, Mai, Pfingsten, Zwiebelmarkt u.a.).<\/p><p>a)\u00a0<strong>Jedes arbeitsf\u00e4hige Mitglied<\/strong>\u00a0ist verpflichtet,\u00a0<strong>20 Arbeitsstunden<\/strong>\u00a0j\u00e4hrlich abzuleisten.<\/p><p>b)\u00a0<strong>Jugendliche vom 16. bis zum vollendeten 18. Lebensjahr<\/strong>\u00a0sind verpflichtet\u00a0<strong>10 Arbeitsstunden<\/strong>\u00a0j\u00e4hrlich abzuleisten.<\/p><p>c)\u00a0<strong>F\u00f6rdermitglieder sind<\/strong>\u00a0von der Leistung von Arbeitsstunden\u00a0<strong>befreit<\/strong>.<\/p><p>Mitglieder, die aus gesundheitlichen oder anderen pers\u00f6nlichen Gr\u00fcnden keine Arbeitsstunden ableisten k\u00f6nnen, k\u00f6nnen beim Vorstand einen entsprechenden Antrag auf Befreiung von den Arbeitsstunden stellen. Gegebenenfalls sind die Gr\u00fcnde durch Atteste etc. zu belegen.<\/p><p>Arbeitspflichtige Mitglieder, die Ihre Arbeitsstunden nicht ableisten, sind je nicht geleisteter Arbeitsstunde zur Zahlung einer Umlage verpflichtet. F\u00fcr nicht geleistete Arbeitsstunden werden dem Mitglied \u20ac 30 pro Stunde (Jungendliche \u20ac 10 pro Stunde) berechnet und abgebucht.<\/p><p>Griesheim den 17.03.2025\u00a0 \u00a0 \u00a0 \u00a0 \u00a0 \u00a0 \u00a0 \u00a0 \u00a0 \u00a0 \u00a0 \u00a0 \u00a0 \u00a0 \u00a0 \u00a0 \u00a0 \u00a0 \u00a0 \u00a0 \u00a0 \u00a0 \u00a0 \u00a0 \u00a0 \u00a0 \u00a0 \u00a0 \u00a0 \u00a0 \u00a0 \u00a0 \u00a0 \u00a0 \u00a0 \u00a0 \u00a0 \u00a0 \u00a0G\u00fcltig ab 01.01.2025<\/p><p>Der Vorstand<\/p>\t\t\t\t\t\t<\/div>\n\t\t\t\t<\/div>\n\t\t\t\t\t<\/div>\n\t\t\t\t<\/div>\n\t\t\t\t<\/div>\n\t\t","protected":false},"excerpt":{"rendered":"<p>Vorteile Alle Mitglieder, aktive, inaktive oder f\u00f6rdernde Mitglieder, k\u00f6nnen das Vereinsgel\u00e4nde f\u00fcr kleine private Feiern nutzen, einschlie\u00dflich des Grills und der vorderen H\u00fctte. Alle Mitglieder, ob aktiv, inaktiv oder f\u00f6rdernd, haben Zugang zu anderen Bereichen auf unserem Vereinsgel\u00e4nde, die nur f\u00fcr Mitglieder reserviert sind. Unsere jugendlichen Mitglieder werden in ihrer Entwicklung als Angler von zwei [&hellip;]<\/p>\n","protected":false},"author":3,"featured_media":0,"parent":0,"menu_order":0,"comment_status":"closed","ping_status":"closed","template":"elementor_header_footer","meta":{"inline_featured_image":false,"footnotes":""},"class_list":["post-8406","page","type-page","status-publish","hentry"],"yoast_head":"<!-- This site is optimized with the Yoast SEO plugin v22.8 - https:\/\/yoast.com\/wordpress\/plugins\/seo\/ -->\n<title>Geb\u00fchren- und Arbeitsstundenordnung - Angelsportverein<\/title>\n<meta name=\"robots\" content=\"index, follow, max-snippet:-1, max-image-preview:large, max-video-preview:-1\" \/>\n<link rel=\"canonical\" href=\"https:\/\/angelverein-griesheim.de\/?page_id=8406\" \/>\n<meta property=\"og:locale\" content=\"de_DE\" \/>\n<meta property=\"og:type\" content=\"article\" \/>\n<meta property=\"og:title\" content=\"Geb\u00fchren- und Arbeitsstundenordnung - Angelsportverein\" \/>\n<meta property=\"og:description\" content=\"Vorteile Alle Mitglieder, aktive, inaktive oder f\u00f6rdernde Mitglieder, k\u00f6nnen das Vereinsgel\u00e4nde f\u00fcr kleine private Feiern nutzen, einschlie\u00dflich des Grills und der vorderen H\u00fctte. Alle Mitglieder, ob aktiv, inaktiv oder f\u00f6rdernd, haben Zugang zu anderen Bereichen auf unserem Vereinsgel\u00e4nde, die nur f\u00fcr Mitglieder reserviert sind. Unsere jugendlichen Mitglieder werden in ihrer Entwicklung als Angler von zwei [&hellip;]\" \/>\n<meta property=\"og:url\" content=\"https:\/\/angelverein-griesheim.de\/?page_id=8406\" \/>\n<meta property=\"og:site_name\" content=\"Angelsportverein\" \/>\n<meta property=\"article:modified_time\" content=\"2025-04-07T08:59:07+00:00\" \/>\n<meta name=\"twitter:card\" content=\"summary_large_image\" \/>\n<meta name=\"twitter:label1\" content=\"Gesch\u00e4tzte Lesezeit\" \/>\n\t<meta name=\"twitter:data1\" content=\"2\u00a0Minuten\" \/>\n<script type=\"application\/ld+json\" class=\"yoast-schema-graph\">{\"@context\":\"https:\/\/schema.org\",\"@graph\":[{\"@type\":\"WebPage\",\"@id\":\"https:\/\/angelverein-griesheim.de\/?page_id=8406\",\"url\":\"https:\/\/angelverein-griesheim.de\/?page_id=8406\",\"name\":\"Geb\u00fchren- und Arbeitsstundenordnung - Angelsportverein\",\"isPartOf\":{\"@id\":\"https:\/\/angelverein-griesheim.de\/#website\"},\"datePublished\":\"2024-06-21T06:28:37+00:00\",\"dateModified\":\"2025-04-07T08:59:07+00:00\",\"breadcrumb\":{\"@id\":\"https:\/\/angelverein-griesheim.de\/?page_id=8406#breadcrumb\"},\"inLanguage\":\"de\",\"potentialAction\":[{\"@type\":\"ReadAction\",\"target\":[\"https:\/\/angelverein-griesheim.de\/?page_id=8406\"]}]},{\"@type\":\"BreadcrumbList\",\"@id\":\"https:\/\/angelverein-griesheim.de\/?page_id=8406#breadcrumb\",\"itemListElement\":[{\"@type\":\"ListItem\",\"position\":1,\"name\":\"Startseite\",\"item\":\"https:\/\/angelverein-griesheim.de\/\"},{\"@type\":\"ListItem\",\"position\":2,\"name\":\"Geb\u00fchren- und Arbeitsstundenordnung\"}]},{\"@type\":\"WebSite\",\"@id\":\"https:\/\/angelverein-griesheim.de\/#website\",\"url\":\"https:\/\/angelverein-griesheim.de\/\",\"name\":\"Angelsportverein\",\"description\":\"Angelsportverein\",\"publisher\":{\"@id\":\"https:\/\/angelverein-griesheim.de\/#organization\"},\"potentialAction\":[{\"@type\":\"SearchAction\",\"target\":{\"@type\":\"EntryPoint\",\"urlTemplate\":\"https:\/\/angelverein-griesheim.de\/?s={search_term_string}\"},\"query-input\":\"required name=search_term_string\"}],\"inLanguage\":\"de\"},{\"@type\":\"Organization\",\"@id\":\"https:\/\/angelverein-griesheim.de\/#organization\",\"name\":\"Angelsportverein\",\"url\":\"https:\/\/angelverein-griesheim.de\/\",\"logo\":{\"@type\":\"ImageObject\",\"inLanguage\":\"de\",\"@id\":\"https:\/\/angelverein-griesheim.de\/#\/schema\/logo\/image\/\",\"url\":\"https:\/\/angelverein-griesheim.de\/wp-content\/uploads\/2024\/06\/logo_angelverein.png\",\"contentUrl\":\"https:\/\/angelverein-griesheim.de\/wp-content\/uploads\/2024\/06\/logo_angelverein.png\",\"width\":1200,\"height\":1200,\"caption\":\"Angelsportverein\"},\"image\":{\"@id\":\"https:\/\/angelverein-griesheim.de\/#\/schema\/logo\/image\/\"}}]}<\/script>\n<!-- \/ Yoast SEO plugin. -->","yoast_head_json":{"title":"Geb\u00fchren- und Arbeitsstundenordnung - Angelsportverein","robots":{"index":"index","follow":"follow","max-snippet":"max-snippet:-1","max-image-preview":"max-image-preview:large","max-video-preview":"max-video-preview:-1"},"canonical":"https:\/\/angelverein-griesheim.de\/?page_id=8406","og_locale":"de_DE","og_type":"article","og_title":"Geb\u00fchren- und Arbeitsstundenordnung - Angelsportverein","og_description":"Vorteile Alle Mitglieder, aktive, inaktive oder f\u00f6rdernde Mitglieder, k\u00f6nnen das Vereinsgel\u00e4nde f\u00fcr kleine private Feiern nutzen, einschlie\u00dflich des Grills und der vorderen H\u00fctte. Alle Mitglieder, ob aktiv, inaktiv oder f\u00f6rdernd, haben Zugang zu anderen Bereichen auf unserem Vereinsgel\u00e4nde, die nur f\u00fcr Mitglieder reserviert sind. Unsere jugendlichen Mitglieder werden in ihrer Entwicklung als Angler von zwei [&hellip;]","og_url":"https:\/\/angelverein-griesheim.de\/?page_id=8406","og_site_name":"Angelsportverein","article_modified_time":"2025-04-07T08:59:07+00:00","twitter_card":"summary_large_image","twitter_misc":{"Gesch\u00e4tzte Lesezeit":"2\u00a0Minuten"},"schema":{"@context":"https:\/\/schema.org","@graph":[{"@type":"WebPage","@id":"https:\/\/angelverein-griesheim.de\/?page_id=8406","url":"https:\/\/angelverein-griesheim.de\/?page_id=8406","name":"Geb\u00fchren- und Arbeitsstundenordnung - Angelsportverein","isPartOf":{"@id":"https:\/\/angelverein-griesheim.de\/#website"},"datePublished":"2024-06-21T06:28:37+00:00","dateModified":"2025-04-07T08:59:07+00:00","breadcrumb":{"@id":"https:\/\/angelverein-griesheim.de\/?page_id=8406#breadcrumb"},"inLanguage":"de","potentialAction":[{"@type":"ReadAction","target":["https:\/\/angelverein-griesheim.de\/?page_id=8406"]}]},{"@type":"BreadcrumbList","@id":"https:\/\/angelverein-griesheim.de\/?page_id=8406#breadcrumb","itemListElement":[{"@type":"ListItem","position":1,"name":"Startseite","item":"https:\/\/angelverein-griesheim.de\/"},{"@type":"ListItem","position":2,"name":"Geb\u00fchren- und Arbeitsstundenordnung"}]},{"@type":"WebSite","@id":"https:\/\/angelverein-griesheim.de\/#website","url":"https:\/\/angelverein-griesheim.de\/","name":"Angelsportverein","description":"Angelsportverein","publisher":{"@id":"https:\/\/angelverein-griesheim.de\/#organization"},"potentialAction":[{"@type":"SearchAction","target":{"@type":"EntryPoint","urlTemplate":"https:\/\/angelverein-griesheim.de\/?s={search_term_string}"},"query-input":"required name=search_term_string"}],"inLanguage":"de"},{"@type":"Organization","@id":"https:\/\/angelverein-griesheim.de\/#organization","name":"Angelsportverein","url":"https:\/\/angelverein-griesheim.de\/","logo":{"@type":"ImageObject","inLanguage":"de","@id":"https:\/\/angelverein-griesheim.de\/#\/schema\/logo\/image\/","url":"https:\/\/angelverein-griesheim.de\/wp-content\/uploads\/2024\/06\/logo_angelverein.png","contentUrl":"https:\/\/angelverein-griesheim.de\/wp-content\/uploads\/2024\/06\/logo_angelverein.png","width":1200,"height":1200,"caption":"Angelsportverein"},"image":{"@id":"https:\/\/angelverein-griesheim.de\/#\/schema\/logo\/image\/"}}]}},"_links":{"self":[{"href":"https:\/\/angelverein-griesheim.de\/index.php?rest_route=\/wp\/v2\/pages\/8406","targetHints":{"allow":["GET"]}}],"collection":[{"href":"https:\/\/angelverein-griesheim.de\/index.php?rest_route=\/wp\/v2\/pages"}],"about":[{"href":"https:\/\/angelverein-griesheim.de\/index.php?rest_route=\/wp\/v2\/types\/page"}],"author":[{"embeddable":true,"href":"https:\/\/angelverein-griesheim.de\/index.php?rest_route=\/wp\/v2\/users\/3"}],"replies":[{"embeddable":true,"href":"https:\/\/angelverein-griesheim.de\/index.php?rest_route=%2Fwp%2Fv2%2Fcomments&post=8406"}],"version-history":[{"count":22,"href":"https:\/\/angelverein-griesheim.de\/index.php?rest_route=\/wp\/v2\/pages\/8406\/revisions"}],"predecessor-version":[{"id":11225,"href":"https:\/\/angelverein-griesheim.de\/index.php?rest_route=\/wp\/v2\/pages\/8406\/revisions\/11225"}],"wp:attachment":[{"href":"https:\/\/angelverein-griesheim.de\/index.php?rest_route=%2Fwp%2Fv2%2Fmedia&parent=8406"}],"curies":[{"name":"wp","href":"https:\/\/api.w.org\/{rel}","templated":true}]}}